{"id":225,"date":"2016-07-19T18:03:39","date_gmt":"2016-07-19T09:03:39","guid":{"rendered":"http:\/\/www.colmet.co.jp\/wp2\/?page_id=225"},"modified":"2016-07-19T19:17:03","modified_gmt":"2016-07-19T10:17:03","slug":"contact","status":"publish","type":"page","link":"http:\/\/www.colmet.co.jp\/wp2\/contact\/","title":{"rendered":"\u304a\u554f\u5408\u308f\u305b"},"content":{"rendered":"<style type=\"text\/css\">\n<!--\nh3 {\n\tposition: relative;\n\tpadding: .25em 0 .5em .75em;\n\tborder-left: 6px solid #3498db;\n}\nh3::after {\n\tposition: absolute;\n\tleft: 0;\n\tbottom: 0;\n\tcontent: '';\n\twidth: 100%;\n\theight: 0;\n\tborder-bottom: 1px solid #ccc;\n}\n#mail1-box {\n          float: left;\n    width: 49%;\n}\n\n#mail2-box {\n          float: right;\n    width: 45%;\n}\n\/***** \u30b3\u30f3\u30bf\u30af\u30c8\u30d5\u30a9\u30fc\u30e0 *****\/\n.table-contactform7{\n  overflow: hidden;\ntable-layout: fixed;\n}\n \n.required-contactform7{\n  padding: 5px;\n  background: #DE8686;\n  color: #fff;\n  border-radius: 3px;\n  margin-right: 3px;\n}\n \n.unrequired-contactform7{\n  padding: 5px;\n  background: #BDBDBD;\n  color: #fff;\n  border-radius: 3px;\n  margin-right: 3px;\n}\n \n.table-contactform7 th{\n  font-weight:bold;\n}\n \n.table-contactform7 input,\n.table-contactform7 textarea{\n  max-width: 90% !important;\n  margin: 5px 10px 10px 5px;\n}\n \n.address-100 input{\n  max-width: 90% !important;\n  margin: 5px 10px 10px 5px;\n}\n \n.message-100 textarea{\n  width: 100%;\n  margin: 5px 10px 10px 5px;\n}\n \n@media screen and (min-width: 900px){\n  .table-contactform7 th{\n    width:28%;\n  }\n    }\n     \n@media screen and (max-width: 900px){\n.table-contactform7{\n  display:block;\n}     \n       \n  .table-contactform7 tbody,\n  .table-contactform7 tr{\n    display: block;\n    width: 100%;\n  }\n  .table-contactform7 th{\n  width:100%;\n  display:block;\n  margin: 0 auto;\n  border:none;\n}\n.table-contactform7 td{\n  display: list-item;\n  list-style-type:none;\n  margin:0;\n  padding:0;\n  width: 100%;\n  border-top: none !important;\n}\n\n\n-->\n<\/style>\n<p><center><br \/>\n<img decoding=\"async\" src=\"http:\/\/www.colmet.co.jp\/wp2\/wp-content\/uploads\/2016\/07\/telfax.png\"><br \/>\n<\/center><\/p>\n<h3>\u30e1\u30fc\u30eb\u3067\u306e\u304a\u554f\u3044\u5408\u308f\u305b\u306f\u4ee5\u4e0b\u306e\u30e1\u30fc\u30eb\u30d5\u30a9\u30fc\u30e0\u3067\u304a\u53d7\u3051\u3057\u3066\u304a\u308a\u307e\u3059\u3002<\/h3>\n\n<div class=\"wpcf7 no-js\" id=\"wpcf7-f224-o1\" lang=\"ja\" dir=\"ltr\">\n<div class=\"screen-reader-response\"><p role=\"status\" aria-live=\"polite\" aria-atomic=\"true\"><\/p> <ul><\/ul><\/div>\n<form action=\"\/wp2\/wp-json\/wp\/v2\/pages\/225#wpcf7-f224-o1\" method=\"post\" class=\"wpcf7-form init\" aria-label=\"\u30b3\u30f3\u30bf\u30af\u30c8\u30d5\u30a9\u30fc\u30e0\" novalidate=\"novalidate\" data-status=\"init\">\n<div style=\"display: none;\">\n<input type=\"hidden\" name=\"_wpcf7\" value=\"224\" \/>\n<input type=\"hidden\" name=\"_wpcf7_version\" value=\"5.7.7\" \/>\n<input type=\"hidden\" name=\"_wpcf7_locale\" value=\"ja\" \/>\n<input type=\"hidden\" name=\"_wpcf7_unit_tag\" value=\"wpcf7-f224-o1\" \/>\n<input type=\"hidden\" name=\"_wpcf7_container_post\" value=\"0\" \/>\n<input type=\"hidden\" name=\"_wpcf7_posted_data_hash\" value=\"\" \/>\n<\/div>\n<table class=\"table table-bordered table-striped table-contactform7\">\n\t<tr>\n\t\t<th>\n\t\t\t<p><span class=\"title-contactform7\">\u304a\u540d\u524d<\/span><span class=\"required-contactform7\">\u5fc5\u9808<\/span>\n\t\t\t<\/p>\n\t\t<\/th>\n\t\t<td>\n\t\t\t<p><span class=\"wpcf7-form-control-wrap\" data-name=\"your-name\"><input size=\"40\" class=\"wpcf7-form-control wpcf7-text wpcf7-validates-as-required\" aria-required=\"true\" aria-invalid=\"false\" placeholder=\"\u4f8b\uff1a\u5c71\u7530\u3000\u592a\u90ce\" value=\"\" type=\"text\" name=\"your-name\" \/><\/span>\n\t\t\t<\/p>\n\t\t<\/td>\n\t<\/tr>\n\t<tr>\n\t\t<th>\n\t\t\t<p><span class=\"title-contactform7\">\u4f1a\u793e\u540d<\/span>\n\t\t\t<\/p>\n\t\t<\/th>\n\t\t<td>\n\t\t\t<p><span class=\"wpcf7-form-control-wrap\" data-name=\"text-176\"><input size=\"40\" class=\"wpcf7-form-control wpcf7-text\" aria-invalid=\"false\" placeholder=\"\u4f8b\uff1a\u682a\u5f0f\u4f1a\u793e \u00d7\u00d7\u00d7\" value=\"\" type=\"text\" name=\"text-176\" \/><\/span>\n\t\t\t<\/p>\n\t\t<\/td>\n\t<\/tr>\n\t<tr>\n\t\t<th>\n\t\t\t<p><span class=\"title-contactform7\">\u90e8\u7f72\u540d<\/span>\n\t\t\t<\/p>\n\t\t<\/th>\n\t\t<td>\n\t\t\t<p><span class=\"wpcf7-form-control-wrap\" data-name=\"text-43\"><input size=\"40\" class=\"wpcf7-form-control wpcf7-text\" aria-invalid=\"false\" placeholder=\"\u4f8b\uff1a\u00d7\u00d7\u00d7\u90e8\" value=\"\" type=\"text\" name=\"text-43\" \/><\/span>\n\t\t\t<\/p>\n\t\t<\/td>\n\t<\/tr>\n\t<tr>\n\t\t<th>\n\t\t\t<p><span class=\"title-contactform7\">\u96fb\u8a71\u756a\u53f7<\/span>\n\t\t\t<\/p>\n\t\t<\/th>\n\t\t<td>\n\t\t\t<p><span class=\"wpcf7-form-control-wrap\" data-name=\"tel-506\"><input size=\"40\" class=\"wpcf7-form-control wpcf7-text wpcf7-tel wpcf7-validates-as-tel\" aria-invalid=\"false\" placeholder=\"\u4f8b\uff1a0457511461\" value=\"\" type=\"tel\" name=\"tel-506\" \/><\/span>\n\t\t\t<\/p>\n\t\t<\/td>\n\t<\/tr>\n\t<tr>\n\t\t<th>\n\t\t\t<p><span class=\"title-contactform7\">FAX\u756a\u53f7<\/span>\n\t\t\t<\/p>\n\t\t<\/th>\n\t\t<td>\n\t\t\t<p><span class=\"wpcf7-form-control-wrap\" data-name=\"text-557\"><input size=\"40\" class=\"wpcf7-form-control wpcf7-text\" aria-invalid=\"false\" placeholder=\"\u4f8b\uff1a0457514927\" value=\"\" type=\"text\" name=\"text-557\" \/><\/span>\n\t\t\t<\/p>\n\t\t<\/td>\n\t<\/tr>\n\t<tr>\n\t\t<th>\n\t\t\t<p><span class=\"title-contactform7\">\u30e1\u30fc\u30eb\u30a2\u30c9\u30ec\u30b9<\/span><span class=\"required-contactform7\">\u5fc5\u9808<\/span>\n\t\t\t<\/p>\n\t\t<\/th>\n\t\t<td>\n\t\t\t<p><span class=\"wpcf7-form-control-wrap\" data-name=\"your-email\"><input size=\"40\" class=\"wpcf7-form-control wpcf7-text wpcf7-email wpcf7-validates-as-required wpcf7-validates-as-email\" aria-required=\"true\" aria-invalid=\"false\" placeholder=\"\u4f8b\uff1a\u00d7\u00d7\u00d7@\u00d7\u00d7\u00d7.com\" value=\"\" type=\"email\" name=\"your-email\" \/><\/span>\n\t\t\t<\/p>\n\t\t<\/td>\n\t<\/tr>\n\t<tr>\n\t\t<th>\n\t\t\t<p><span class=\"title-contactform7\">\u3054\u8cea\u554f\u5185\u5bb9<\/span><span class=\"required-contactform7\">\u5fc5\u9808<\/span>\n\t\t\t<\/p>\n\t\t<\/th>\n\t\t<td class=\"message-100\">\n\t\t\t<p><span class=\"wpcf7-form-control-wrap\" data-name=\"your-message\"><textarea cols=\"40\" rows=\"10\" class=\"wpcf7-form-control wpcf7-textarea wpcf7-validates-as-required\" aria-required=\"true\" aria-invalid=\"false\" placeholder=\"\u304a\u554f\u5408\u305b\u5185\u5bb9\u3092\u3054\u8a18\u5165\u4e0b\u3055\u3044\u3002\" name=\"your-message\"><\/textarea><\/span>\n\t\t\t<\/p>\n\t\t<\/td>\n\t<\/tr>\n<\/table>\n<CENTER>\n\t<p><button class=\"button1\" type=\"submit\">\u9001\u4fe1\u3059\u308b<\/button>\n\t<\/p>\n<\/center><div class=\"wpcf7-response-output\" aria-hidden=\"true\"><\/div>\n<\/form>\n<\/div>\n\n","protected":false},"excerpt":{"rendered":"<p>\u30e1\u30fc\u30eb\u3067\u306e\u304a\u554f\u3044\u5408\u308f\u305b\u306f\u4ee5\u4e0b\u306e\u30e1\u30fc\u30eb\u30d5\u30a9\u30fc\u30e0\u3067\u304a\u53d7\u3051\u3057\u3066\u304a\u308a\u307e\u3059\u3002<\/p>\n","protected":false},"author":1,"featured_media":0,"parent":0,"menu_order":0,"comment_status":"closed","ping_status":"closed","template":"","meta":{"footnotes":""},"tags":[],"_links":{"self":[{"href":"http:\/\/www.colmet.co.jp\/wp2\/wp-json\/wp\/v2\/pages\/225"}],"collection":[{"href":"http:\/\/www.colmet.co.jp\/wp2\/wp-json\/wp\/v2\/pages"}],"about":[{"href":"http:\/\/www.colmet.co.jp\/wp2\/wp-json\/wp\/v2\/types\/page"}],"author":[{"embeddable":true,"href":"http:\/\/www.colmet.co.jp\/wp2\/wp-json\/wp\/v2\/users\/1"}],"replies":[{"embeddable":true,"href":"http:\/\/www.colmet.co.jp\/wp2\/wp-json\/wp\/v2\/comments?post=225"}],"version-history":[{"count":10,"href":"http:\/\/www.colmet.co.jp\/wp2\/wp-json\/wp\/v2\/pages\/225\/revisions"}],"predecessor-version":[{"id":235,"href":"http:\/\/www.colmet.co.jp\/wp2\/wp-json\/wp\/v2\/pages\/225\/revisions\/235"}],"wp:attachment":[{"href":"http:\/\/www.colmet.co.jp\/wp2\/wp-json\/wp\/v2\/media?parent=225"}],"wp:term":[{"taxonomy":"post_tag","embeddable":true,"href":"http:\/\/www.colmet.co.jp\/wp2\/wp-json\/wp\/v2\/tags?post=225"}],"curies":[{"name":"wp","href":"https:\/\/api.w.org\/{rel}","templated":true}]}}